{"id":9,"date":"2020-08-06T13:22:56","date_gmt":"2020-08-06T16:22:56","guid":{"rendered":"https:\/\/giulianacividanes.com.br\/consulta\/?page_id=9"},"modified":"2021-04-14T12:35:08","modified_gmt":"2021-04-14T15:35:08","slug":"home","status":"publish","type":"page","link":"https:\/\/institutocancer.com.br\/tratamentos\/","title":{"rendered":"INCOP"},"content":{"rendered":"\n<p>O InCOP \u00e9 especialista em Oncologia. Oferecemos todo o suporte necess\u00e1rio, colocando \u00e0 sua disposi\u00e7\u00e3o especialidades importantes para o pr\u00e9, durante e p\u00f3s tratamento do c\u00e2ncer, como Mastologia, Estomatologia, Nutri\u00e7\u00e3o e Ginecologia e Obstetr\u00edcia. Tudo para que voc\u00ea possa realizar o tratamento em um \u00fanico lugar, com uma estrutura e equipe adequadas para proporcionar o conforto e a seguran\u00e7a que voc\u00ea espera nesse momento t\u00e3o delicado. N\u00f3s pensamos em seu bem estar e queremos cuidar de voc\u00ea!<\/p>\n","protected":false},"excerpt":{"rendered":"<p>O InCOP \u00e9 especialista em Oncologia. Oferecemos todo o suporte necess\u00e1rio, colocando \u00e0 sua disposi\u00e7\u00e3o especialidades importantes para o pr\u00e9, durante e p\u00f3s tratamento do c\u00e2ncer, como Mastologia, Estomatologia, Nutri\u00e7\u00e3o e Ginecologia e Obstetr\u00edcia. Tudo para que voc\u00ea possa realizar o tratamento em um \u00fanico lugar, com uma estrutura e equipe adequadas para proporcionar o [&hellip;]<\/p>\n","protected":false},"author":1,"featured_media":410,"parent":0,"menu_order":0,"comment_status":"closed","ping_status":"closed","template":"","meta":{"_acf_changed":false,"footnotes":""},"class_list":["post-9","page","type-page","status-publish","has-post-thumbnail","hentry"],"acf":[],"yoast_head":"<!-- This site is optimized with the Yoast SEO plugin v27.4 - https:\/\/yoast.com\/product\/yoast-seo-wordpress\/ -->\n<title>INCOP &#187; InCOP<\/title>\n<meta name=\"description\" content=\"O InCOP \u00e9 especialista em Oncologia. Oferecemos todo o suporte necess\u00e1rio, colocando \u00e0 sua disposi\u00e7\u00e3o especialistas no tratamento do c\u00e2ncer\" \/>\n<meta name=\"robots\" content=\"index, follow, max-snippet:-1, max-image-preview:large, max-video-preview:-1\" \/>\n<link rel=\"canonical\" href=\"https:\/\/institutocancer.com.br\/tratamentos\/\" \/>\n<meta property=\"og:locale\" content=\"pt_BR\" \/>\n<meta property=\"og:type\" content=\"article\" \/>\n<meta property=\"og:title\" content=\"INCOP &#187; InCOP\" \/>\n<meta property=\"og:description\" content=\"O InCOP \u00e9 especialista em Oncologia. Oferecemos todo o suporte necess\u00e1rio, colocando \u00e0 sua disposi\u00e7\u00e3o especialistas no tratamento do c\u00e2ncer\" \/>\n<meta property=\"og:url\" content=\"https:\/\/institutocancer.com.br\/tratamentos\/\" \/>\n<meta property=\"og:site_name\" content=\"InCOP\" \/>\n<meta property=\"article:publisher\" content=\"https:\/\/www.facebook.com\/incopaulista\" \/>\n<meta property=\"article:modified_time\" content=\"2021-04-14T15:35:08+00:00\" \/>\n<meta property=\"og:image\" content=\"https:\/\/institutocancer.com.br\/tratamentos\/wp-content\/uploads\/2021\/04\/banner-min.jpg\" \/>\n\t<meta property=\"og:image:width\" content=\"1920\" \/>\n\t<meta property=\"og:image:height\" content=\"842\" \/>\n\t<meta property=\"og:image:type\" content=\"image\/jpeg\" \/>\n<meta name=\"twitter:card\" content=\"summary_large_image\" \/>\n<meta name=\"twitter:label1\" content=\"Est. tempo de leitura\" \/>\n\t<meta name=\"twitter:data1\" content=\"1 minuto\" \/>\n<script type=\"application\/ld+json\" class=\"yoast-schema-graph\">{\"@context\":\"https:\\\/\\\/schema.org\",\"@graph\":[{\"@type\":\"WebPage\",\"@id\":\"https:\\\/\\\/institutocancer.com.br\\\/tratamentos\\\/\",\"url\":\"https:\\\/\\\/institutocancer.com.br\\\/tratamentos\\\/\",\"name\":\"INCOP &#187; InCOP\",\"isPartOf\":{\"@id\":\"https:\\\/\\\/institutocancer.com.br\\\/tratamentos\\\/#website\"},\"primaryImageOfPage\":{\"@id\":\"https:\\\/\\\/institutocancer.com.br\\\/tratamentos\\\/#primaryimage\"},\"image\":{\"@id\":\"https:\\\/\\\/institutocancer.com.br\\\/tratamentos\\\/#primaryimage\"},\"thumbnailUrl\":\"https:\\\/\\\/institutocancer.com.br\\\/tratamentos\\\/wp-content\\\/uploads\\\/2021\\\/04\\\/banner-min.jpg\",\"datePublished\":\"2020-08-06T16:22:56+00:00\",\"dateModified\":\"2021-04-14T15:35:08+00:00\",\"description\":\"O InCOP \u00e9 especialista em Oncologia. Oferecemos todo o suporte necess\u00e1rio, colocando \u00e0 sua disposi\u00e7\u00e3o especialistas no tratamento do c\u00e2ncer\",\"breadcrumb\":{\"@id\":\"https:\\\/\\\/institutocancer.com.br\\\/tratamentos\\\/#breadcrumb\"},\"inLanguage\":\"pt-BR\",\"potentialAction\":[{\"@type\":\"ReadAction\",\"target\":[\"https:\\\/\\\/institutocancer.com.br\\\/tratamentos\\\/\"]}]},{\"@type\":\"ImageObject\",\"inLanguage\":\"pt-BR\",\"@id\":\"https:\\\/\\\/institutocancer.com.br\\\/tratamentos\\\/#primaryimage\",\"url\":\"https:\\\/\\\/institutocancer.com.br\\\/tratamentos\\\/wp-content\\\/uploads\\\/2021\\\/04\\\/banner-min.jpg\",\"contentUrl\":\"https:\\\/\\\/institutocancer.com.br\\\/tratamentos\\\/wp-content\\\/uploads\\\/2021\\\/04\\\/banner-min.jpg\",\"width\":1920,\"height\":842},{\"@type\":\"BreadcrumbList\",\"@id\":\"https:\\\/\\\/institutocancer.com.br\\\/tratamentos\\\/#breadcrumb\",\"itemListElement\":[{\"@type\":\"ListItem\",\"position\":1,\"name\":\"Home\",\"item\":\"https:\\\/\\\/institutocancer.com.br\\\/tratamentos\\\/\"},{\"@type\":\"ListItem\",\"position\":2,\"name\":\"INCOP\"}]},{\"@type\":\"WebSite\",\"@id\":\"https:\\\/\\\/institutocancer.com.br\\\/tratamentos\\\/#website\",\"url\":\"https:\\\/\\\/institutocancer.com.br\\\/tratamentos\\\/\",\"name\":\"InCOP\",\"description\":\"Instituto do C\u00e2ncer Oeste Paulista\",\"publisher\":{\"@id\":\"https:\\\/\\\/institutocancer.com.br\\\/tratamentos\\\/#organization\"},\"potentialAction\":[{\"@type\":\"SearchAction\",\"target\":{\"@type\":\"EntryPoint\",\"urlTemplate\":\"https:\\\/\\\/institutocancer.com.br\\\/tratamentos\\\/?s={search_term_string}\"},\"query-input\":{\"@type\":\"PropertyValueSpecification\",\"valueRequired\":true,\"valueName\":\"search_term_string\"}}],\"inLanguage\":\"pt-BR\"},{\"@type\":\"Organization\",\"@id\":\"https:\\\/\\\/institutocancer.com.br\\\/tratamentos\\\/#organization\",\"name\":\"InCOP\",\"url\":\"https:\\\/\\\/institutocancer.com.br\\\/tratamentos\\\/\",\"logo\":{\"@type\":\"ImageObject\",\"inLanguage\":\"pt-BR\",\"@id\":\"https:\\\/\\\/institutocancer.com.br\\\/tratamentos\\\/#\\\/schema\\\/logo\\\/image\\\/\",\"url\":\"https:\\\/\\\/institutocancer.com.br\\\/tratamentos\\\/wp-content\\\/uploads\\\/2021\\\/04\\\/Logo-Incop-Final.png\",\"contentUrl\":\"https:\\\/\\\/institutocancer.com.br\\\/tratamentos\\\/wp-content\\\/uploads\\\/2021\\\/04\\\/Logo-Incop-Final.png\",\"width\":215,\"height\":60,\"caption\":\"InCOP\"},\"image\":{\"@id\":\"https:\\\/\\\/institutocancer.com.br\\\/tratamentos\\\/#\\\/schema\\\/logo\\\/image\\\/\"},\"sameAs\":[\"https:\\\/\\\/www.facebook.com\\\/incopaulista\",\"https:\\\/\\\/www.instagram.com\\\/incopaulista\\\/\"]}]}<\/script>\n<!-- \/ Yoast SEO plugin. -->","yoast_head_json":{"title":"INCOP &#187; InCOP","description":"O InCOP \u00e9 especialista em Oncologia. Oferecemos todo o suporte necess\u00e1rio, colocando \u00e0 sua disposi\u00e7\u00e3o especialistas no tratamento do c\u00e2ncer","robots":{"index":"index","follow":"follow","max-snippet":"max-snippet:-1","max-image-preview":"max-image-preview:large","max-video-preview":"max-video-preview:-1"},"canonical":"https:\/\/institutocancer.com.br\/tratamentos\/","og_locale":"pt_BR","og_type":"article","og_title":"INCOP &#187; InCOP","og_description":"O InCOP \u00e9 especialista em Oncologia. Oferecemos todo o suporte necess\u00e1rio, colocando \u00e0 sua disposi\u00e7\u00e3o especialistas no tratamento do c\u00e2ncer","og_url":"https:\/\/institutocancer.com.br\/tratamentos\/","og_site_name":"InCOP","article_publisher":"https:\/\/www.facebook.com\/incopaulista","article_modified_time":"2021-04-14T15:35:08+00:00","og_image":[{"width":1920,"height":842,"url":"https:\/\/institutocancer.com.br\/tratamentos\/wp-content\/uploads\/2021\/04\/banner-min.jpg","type":"image\/jpeg"}],"twitter_card":"summary_large_image","twitter_misc":{"Est. tempo de leitura":"1 minuto"},"schema":{"@context":"https:\/\/schema.org","@graph":[{"@type":"WebPage","@id":"https:\/\/institutocancer.com.br\/tratamentos\/","url":"https:\/\/institutocancer.com.br\/tratamentos\/","name":"INCOP &#187; InCOP","isPartOf":{"@id":"https:\/\/institutocancer.com.br\/tratamentos\/#website"},"primaryImageOfPage":{"@id":"https:\/\/institutocancer.com.br\/tratamentos\/#primaryimage"},"image":{"@id":"https:\/\/institutocancer.com.br\/tratamentos\/#primaryimage"},"thumbnailUrl":"https:\/\/institutocancer.com.br\/tratamentos\/wp-content\/uploads\/2021\/04\/banner-min.jpg","datePublished":"2020-08-06T16:22:56+00:00","dateModified":"2021-04-14T15:35:08+00:00","description":"O InCOP \u00e9 especialista em Oncologia. Oferecemos todo o suporte necess\u00e1rio, colocando \u00e0 sua disposi\u00e7\u00e3o especialistas no tratamento do c\u00e2ncer","breadcrumb":{"@id":"https:\/\/institutocancer.com.br\/tratamentos\/#breadcrumb"},"inLanguage":"pt-BR","potentialAction":[{"@type":"ReadAction","target":["https:\/\/institutocancer.com.br\/tratamentos\/"]}]},{"@type":"ImageObject","inLanguage":"pt-BR","@id":"https:\/\/institutocancer.com.br\/tratamentos\/#primaryimage","url":"https:\/\/institutocancer.com.br\/tratamentos\/wp-content\/uploads\/2021\/04\/banner-min.jpg","contentUrl":"https:\/\/institutocancer.com.br\/tratamentos\/wp-content\/uploads\/2021\/04\/banner-min.jpg","width":1920,"height":842},{"@type":"BreadcrumbList","@id":"https:\/\/institutocancer.com.br\/tratamentos\/#breadcrumb","itemListElement":[{"@type":"ListItem","position":1,"name":"Home","item":"https:\/\/institutocancer.com.br\/tratamentos\/"},{"@type":"ListItem","position":2,"name":"INCOP"}]},{"@type":"WebSite","@id":"https:\/\/institutocancer.com.br\/tratamentos\/#website","url":"https:\/\/institutocancer.com.br\/tratamentos\/","name":"InCOP","description":"Instituto do C\u00e2ncer Oeste Paulista","publisher":{"@id":"https:\/\/institutocancer.com.br\/tratamentos\/#organization"},"potentialAction":[{"@type":"SearchAction","target":{"@type":"EntryPoint","urlTemplate":"https:\/\/institutocancer.com.br\/tratamentos\/?s={search_term_string}"},"query-input":{"@type":"PropertyValueSpecification","valueRequired":true,"valueName":"search_term_string"}}],"inLanguage":"pt-BR"},{"@type":"Organization","@id":"https:\/\/institutocancer.com.br\/tratamentos\/#organization","name":"InCOP","url":"https:\/\/institutocancer.com.br\/tratamentos\/","logo":{"@type":"ImageObject","inLanguage":"pt-BR","@id":"https:\/\/institutocancer.com.br\/tratamentos\/#\/schema\/logo\/image\/","url":"https:\/\/institutocancer.com.br\/tratamentos\/wp-content\/uploads\/2021\/04\/Logo-Incop-Final.png","contentUrl":"https:\/\/institutocancer.com.br\/tratamentos\/wp-content\/uploads\/2021\/04\/Logo-Incop-Final.png","width":215,"height":60,"caption":"InCOP"},"image":{"@id":"https:\/\/institutocancer.com.br\/tratamentos\/#\/schema\/logo\/image\/"},"sameAs":["https:\/\/www.facebook.com\/incopaulista","https:\/\/www.instagram.com\/incopaulista\/"]}]}},"_links":{"self":[{"href":"https:\/\/institutocancer.com.br\/tratamentos\/wp-json\/wp\/v2\/pages\/9","targetHints":{"allow":["GET"]}}],"collection":[{"href":"https:\/\/institutocancer.com.br\/tratamentos\/wp-json\/wp\/v2\/pages"}],"about":[{"href":"https:\/\/institutocancer.com.br\/tratamentos\/wp-json\/wp\/v2\/types\/page"}],"author":[{"embeddable":true,"href":"https:\/\/institutocancer.com.br\/tratamentos\/wp-json\/wp\/v2\/users\/1"}],"replies":[{"embeddable":true,"href":"https:\/\/institutocancer.com.br\/tratamentos\/wp-json\/wp\/v2\/comments?post=9"}],"version-history":[{"count":53,"href":"https:\/\/institutocancer.com.br\/tratamentos\/wp-json\/wp\/v2\/pages\/9\/revisions"}],"predecessor-version":[{"id":412,"href":"https:\/\/institutocancer.com.br\/tratamentos\/wp-json\/wp\/v2\/pages\/9\/revisions\/412"}],"wp:featuredmedia":[{"embeddable":true,"href":"https:\/\/institutocancer.com.br\/tratamentos\/wp-json\/wp\/v2\/media\/410"}],"wp:attachment":[{"href":"https:\/\/institutocancer.com.br\/tratamentos\/wp-json\/wp\/v2\/media?parent=9"}],"curies":[{"name":"wp","href":"https:\/\/api.w.org\/{rel}","templated":true}]}}